 digit of a?
2
Let s(b) = -b - 1. Let a(h) = 3*h**2 - 6*h - 6. Let d(n) = 5*a(n) - 30*s(n). Let z be (-3 - -4)*-1*1. What is the tens digit of d(z)?
1
What is the units digit of 926*1*((-9)/(-18) - 0)?
3
Let u = 11 + -4. Let b be 3 - (u - -2)*-1. Let y(w) = w**2 - 13*w + 14. What is the units digit of y(b)?
2
Suppose r = -4, -4 = -4*g + 4*r - 0. Let v be (-3 + (-8)/g)*-81. Let l = 3 + v. What is the tens digit of l?
3
Suppose -418 = -7*j + 121. Let s = 304 - j. What is the hundreds digit of s?
2
Let q be (19 - 20)*(-10 + -1). Let k = -8 + q. What is the units digit of k/(3*(-2)/(-126))?
3
Let j be (-5)/20 + 42/8. Suppose -2*i - b + 134 + 212 = 0, -370 = -2*i + j*b. What is the tens digit of i?
7
Let y = 75 - 79. Let a(z) = -4*z + 5. What is the tens digit of a(y)?
2
Suppose -3*p + 2*i = -2*i - 772, 1308 = 5*p + 4*i. What is the tens digit of p?
6
What is the hundreds digit of (2506/(-21))/(177/36 + -5)?
4
Let r = -70 + 76. What is the units digit of (-8)/r + 124/12?
9
Suppose 7 = -6*x + 25. Suppose -o = x*o + 96. What is the units digit of (-6)/o - (-318)/8?
0
Let a(x) = 5*x**3 + 9*x**2 - 2*x - 3. Let f(j) = 14*j**3 + 26*j**2 - 7*j - 8. Let b(d) = 17*a(d) - 6*f(d). What is the tens digit of b(5)?
8
Let c = -2593 + 3753. Let m be (-5)/(-2)*c/50. Suppose -169 = -5*d - 3*f, f + m = 2*d - f. What is the tens digit of d?
3
Suppose 13*d = 15*d - 2*m - 6436, 3*d - 5*m - 9648 = 0. What is the tens digit of d?
2
Let a(m) = -m - 14. Let s be a(-17). Let f = -3 + s. Suppose 5*x - 2*z = 12, 5*x + 4*z = -f*z + 36. What is the units digit of x?
4
Let u = -328 - -646. Let g be (10 + u)/(3 + -1). Let a = -113 + g. What is the units digit of a?
1
Let q be (-112)/(-8) - 5 - 1*2. Suppose q*r = -54 + 600. What is the units digit of r?
8
Let f = -287 - -285. Let p(c) = c**3 - 7*c. Let o(q) = 4*q. Let y(j) = -5*o(j) - 3*p(j). What is the units digit of y(f)?
2
Let u(k) = -k**3 - 8*k**2 - k - 6. Let w be u(-8). Suppose 4*s - 4*q = 360, w*s = -0*s - 5*q + 159. What is the tens digit of s?
8
Let z = -1375 + 823. Let s = -374 - z. What is the tens digit of s?
7
Suppose -3*f = -5*f - 4. Let s be 7 + (3 - (7 + f)). Suppose 0 = -s*u + 87 - 32. What is the units digit of u?
1
Let o = 41 + -21. Suppose -o = 2*t - 7*t. What is the units digit of 7*-1*-1*t?
8
Suppose -4*l = 5*k + 1910, 7*l + 2406 = 2*l + 3*k. What is the tens digit of ((-4)/(-3))/(l/243 - -2)?
5
Suppose -16120 = -7*r - 5200. What is the thousands digit of r?
1
Let s(d) = 35*d - 5 - 24*d - 21*d. Let t be s(-6). Suppose -t = -2*a + 3*c + 31, -a + 53 = c. What is the tens digit of a?
4
Suppose -3*s - 82 = 5*j - 0*j, -3*s + 71 = -4*j. Suppose 6*x + 66 = 8*x - 2*m, 3*m = -5*x + 133. Let o = j + x. What is the tens digit of o?
1
What is the units digit of 2 - 10/(-5) - -211?
5
Let a = 42 - 45. What is the tens digit of (833/(-17))/(1/a)?
4
Let q(s) = -s**2 + 4*s + 2. Let f be q(5). Let r be 4/(-4 - 1 - f). What is the tens digit of ((-15)/r)/((-3)/(-8))?
2
What is the units digit of 0 + ((-1 - 88)/(-1) - -2)?
1
Let v = -24 + -4. Let b be (v/6)/(6/(-9)). Let g(q) = -q**2 + 7*q + 10. What is the units digit of g(b)?
0
What is the thousands digit of (12213/12)/((-6)/(-8))?
1
Suppose v = 3*l - 55, l - 8 - 27 = -3*v. Let a = -170 + 190. Let p = l + a. What is the tens digit of p?
4
Let b = -218 - -377. What is the hundreds digit of b?
1
Suppose 34*d - 4148 = 30*d. What is the tens digit of d?
3
Let z = 179 + -179. Let f(r) = -3*r + r + r + 1. What is the units digit of f(z)?
1
What is the units digit of 22/(-22) - (-2 - 4065)?
6
Let p(u) = 4*u**2 - 3*u - 1. Let h be p(2). Suppose 0 = -14*l + h*l + 380. What is the tens digit of l?
7
Let g(c) = -8*c**2 - 11*c + 15. Let j(u) = 4*u**2 + 5*u - 7. Let k(d) = 6*g(d) + 13*j(d). What is the units digit of k(7)?
8
Let v be (-202)/(-3) + (-4)/(-6). Let i(s) = -s**3 + 6*s**2 - 8*s + 8. Let c be i(4). Suppose 0 = -4*o - c + v. What is the units digit of o?
5
Suppose 0 = -5*f + 5*d + 15, 19 = 5*f - d - 2*d. Suppose -3*r = -5*c + 1071, 0*r + 2*r - 1086 = -5*c. Suppose -f*q = q - c. What is the units digit of q?
6
Let h(a) = 3*a + 2 - 3 + 0. Let j be h(1). Suppose j*f - l = 30, 3*l = f + l - 18. What is the tens digit of f?
1
Let c(l) = -l**3 + 27*l**2 - 149*l - 44. What is the units digit of c(19)?
3
Let q = -69 - -208. What is the hundreds digit of q?
1
Let v be (-1 - -52) + (1 - -1). Suppose 0 = 3*m + 5*l - 2, -3*l + 2 = -4*m + v. Suppose 11*d = 8*d + m. What is the units digit of d?
3
Suppose -198*o + 201*o = 756. What is the units digit of o?
2
Let s be (-3 + 6)*(-16)/(-12). Suppose 130 = s*t + 30. Let c = t - -6. What is the units digit of c?
1
Suppose -46*x - 2075 = -51*x. What is the units digit of x?
5
Let t(y) = -y**2 - 5*y + 7. Let z be t(-8). Let g = 17 + z. Suppose g = 3*u - 2*u - 11. What is the tens digit of u?
1
Let a = -51 + 132. Suppose 5*u - 12 = 2*q, -4*q + 2*u + 32 = 6*u. Suppose q*v = v + a. What is the units digit of v?
7
What is the tens digit of (-422)/(-6) - (-18)/27?
7
Suppose 0 = -2*z + 24*c - 21*c + 6100, 3*z = c + 9150. What is the thousands digit of z?
3
Let m(b) = -b**3 + 7*b**2 + b - 6. Let c be m(6). Suppose -p + 29 = -0*p + 5*k, -c = -3*p + 2*k. Suppose p*w - 11*w - 117 = 0. What is the units digit of w?
9
Let w be 1/(-4) + 183/(-4). Let u(a) = -a**2 - 22*a - 44. Let g be u(-14). Let z = g + w. What is the tens digit of z?
2
Let y = 4669 + -3282. What is the units digit of y?
7
Suppose -5*r = -2*g - 12 - 38, 5*r + 4*g = 20. Let v = r + -28. Let q = -9 - v. What is the tens digit of q?
1
Let z = 449 + -37. What is the hundreds digit of z?
4
Suppose -3*p = 3*h - 21, -4*h - 2*p = -0*h - 24. Suppose 0 = h*k + v - 435, k = 5*k - 4*v - 372. What is the units digit of 2*2 + -15 + k?
7
What is the thousands digit of (-1)/(-4) - (-143420)/80?
1
Let h = 78 + -72. Suppose 332 = h*j - 388. What is the hundreds digit of j?
1
Let m = 60 - -445. What is the tens digit of m?
0
Let p = -703 + 757. What is the units digit of p?
4
Suppose s = -2*c - 1, c - 4*c - 2 = 2*s. Let t(x) = -x**2 - 8*x + 41. Let j be t(-11). What is the units digit of (j - 9)/(s/26)?
6
What is the tens digit of 925661/171 + ((-4)/9)/2?
1
Let f = 443 - -827. What is the tens digit of f?
7
Let s(f) = -10 + 8*f - 2*f + 5*f + 2. What is the units digit of s(3)?
5
Let r(c) = -8*c + 6 + 9 + 16*c + 6. What is the hundreds digit of r(18)?
1
Let q(j) be the second derivative of -j**5/20 + j**4 - j**3/6 + 7*j**2 + 11*j. Let x be q(12). Let u(o) = 10*o**2 - 3*o. What is the tens digit of u(x)?
3
Let q be -5 + (4 - 1) + 4. Suppose 0 = -b + q*b - j - 50, 4*j = 20. What is the units digit of b?
5
Suppose -10255 = 45*m - 52*m. What is the units digit of m?
5
Let s(k) = -2*k + 5. Let c(o) = -3 + o - 3*o + 3*o. Let g(h) = 11*c(h) + 6*s(h). What is the units digit of g(-12)?
9
Let s(c) = c**3 + c + 440. Let r be s(0). Let z = r + -245. What is the units digit of z?
5
Let a(h) be the third derivative of -h**4/24 - h**3/2 + 2*h**2. Let l be a(-7). Suppose 178 = l*p - t - t, 215 = 5*p - t. What is the tens digit of p?
4
Let w(h) = 20*h - 4. Let o be w(1). Suppose -5*i - 1518 = -o*i. What is the tens digit of i?
3
Suppose 33 = 5*v - 3*s, -v - s - 2*s = -3. Let h be 4/(-14) - (-634)/14. Suppose -3*b + v*b = h. What is the units digit of b?
5
Let s = -878 + 1371. What is the hundreds digit of s?
4
Suppose 0 = 5*t - 11 - 14. Suppose 2*s - t*z = 33, -12 = -s - z + 2*z. What is the units digit of (-222)/(-27) - 2/s?
8
Let h = 19 - 18. Let x(p) = -11*p**2. Let n be x(h). Let t = n + 12. What is the units digit of t?
1
Suppose 5*x = r + 2, -r + 3 = -2*x + 5. Suppose x*f = -6*f + 1464. What is the tens digit of f?
4
Suppose 4*l = 4*c + 726 + 1786, -2497 = -4*l + c. What is the units digit of l?
3
Let y = -887 - -1496. What is the hundreds digit of y?
6
What is the tens digit of (1919/76)/(3/24)?
0
Suppose 7*y + 260 = 2*y. Suppose 21 = 3*v + 3. Let g = v - y. What is the units digit of g?
8
Suppose 4 = 5*t + 9. Let n = 6 - -12. What is the units digit of (-12)/n*t*87?
8
What is the hundreds digit of (-4)/12 - ((-1700)/6 + -1)?
2
Let n be (-248)/(-60) - (-4)/(-30). Let l(f) = -f**3 + 3*f**2 + 4*f + 4. Let j be l(n). Suppose -3*i - 50 = -6*g + j*g, 0 = -5*i. What is the units digit of g?
5
Let o be -116 - (3 - (1 + 0)). L